{"id":134,"date":"2022-07-19T16:51:44","date_gmt":"2022-07-19T16:51:44","guid":{"rendered":"https:\/\/test.achvb.fr\/?page_id=134"},"modified":"2023-02-08T12:38:00","modified_gmt":"2023-02-08T11:38:00","slug":"loisirs","status":"publish","type":"page","link":"https:\/\/www.achvb.fr\/?page_id=134","title":{"rendered":"Loisirs"},"content":{"rendered":"<div id=\"pl-gb134-6a05c1814a28c\"  class=\"panel-layout\" ><div id=\"pg-gb134-6a05c1814a28c-0\"  class=\"panel-grid panel-no-style\" ><div id=\"pgc-gb134-6a05c1814a28c-0-0\"  class=\"panel-grid-cell\" ><div id=\"panel-gb134-6a05c1814a28c-0-0-0\" class=\"so-panel widget widget_sow-editor panel-first-child panel-last-child\" data-index=\"0\" ><div\n\t\t\t\n\t\t\tclass=\"so-widget-sow-editor so-widget-sow-editor-base\"\n\t\t\t\n\t\t>\n<div class=\"siteorigin-widget-tinymce textwidget\">\n\t<p>Notre section loisir est ouverte \u00e0 tous du d\u00e9butant au joueur confirm\u00e9.<\/p>\n<p>Le club propose deux formules :<\/p>\n<ul>\n<li>Le loisir libre (ouvert \u00e0 l&rsquo;ensemble de nos loisirs) o\u00f9 l&rsquo;objectif est de pratiquer le volley entre amis en faisant des matchs<\/li>\n<li>Le loisir d\u00e9butant\/entretien ou l&rsquo;objectif est de d\u00e9couvrir le volley et de progresser avec l&rsquo;aide de deux entraineurs diplom\u00e9s du club. (Attention le nombre de place est limit\u00e9e).<\/li>\n<\/ul>\n<\/div>\n<\/div><\/div><\/div><\/div><div id=\"pg-gb134-6a05c1814a28c-1\"  class=\"panel-grid panel-no-style\" ><div id=\"pgc-gb134-6a05c1814a28c-1-0\"  class=\"panel-grid-cell\" ><div id=\"panel-gb134-6a05c1814a28c-1-0-0\" class=\"so-panel widget widget_sow-image panel-first-child panel-last-child\" data-index=\"1\" ><div\n\t\t\t\n\t\t\tclass=\"so-widget-sow-image so-widget-sow-image-default-8b5b6f678277-134\"\n\t\t\t\n\t\t>\n<div class=\"sow-image-container\">\n\t\t<img \n\tsrc=\"https:\/\/www.achvb.fr\/wp-content\/uploads\/2023\/02\/WhatsApp-Image-2023-02-07-at-23.27.11.jpeg\" width=\"2048\" height=\"1366\" srcset=\"https:\/\/www.achvb.fr\/wp-content\/uploads\/2023\/02\/WhatsApp-Image-2023-02-07-at-23.27.11.jpeg 2048w, https:\/\/www.achvb.fr\/wp-content\/uploads\/2023\/02\/WhatsApp-Image-2023-02-07-at-23.27.11-300x200.jpeg 300w, https:\/\/www.achvb.fr\/wp-content\/uploads\/2023\/02\/WhatsApp-Image-2023-02-07-at-23.27.11-1024x683.jpeg 1024w, https:\/\/www.achvb.fr\/wp-content\/uploads\/2023\/02\/WhatsApp-Image-2023-02-07-at-23.27.11-768x512.jpeg 768w, https:\/\/www.achvb.fr\/wp-content\/uploads\/2023\/02\/WhatsApp-Image-2023-02-07-at-23.27.11-1536x1025.jpeg 1536w, https:\/\/www.achvb.fr\/wp-content\/uploads\/2023\/02\/WhatsApp-Image-2023-02-07-at-23.27.11-570x380.jpeg 570w, https:\/\/www.achvb.fr\/wp-content\/uploads\/2023\/02\/WhatsApp-Image-2023-02-07-at-23.27.11-380x254.jpeg 380w, https:\/\/www.achvb.fr\/wp-content\/uploads\/2023\/02\/WhatsApp-Image-2023-02-07-at-23.27.11-285x190.jpeg 285w, https:\/\/www.achvb.fr\/wp-content\/uploads\/2023\/02\/WhatsApp-Image-2023-02-07-at-23.27.11-272x182.jpeg 272w\" sizes=\"(max-width: 2048px) 100vw, 2048px\" title=\"loisirs 2022-2023\" alt=\"\" \t\tclass=\"so-widget-image\"\/>\n\t<\/div>\n\n<\/div><\/div><\/div><\/div><\/div>","protected":false},"excerpt":{"rendered":"<p>Notre section loisir est ouverte \u00e0 tous du d\u00e9butant au joueur confirm\u00e9. Le club propose deux formules : Le loisir libre (ouvert \u00e0 l&rsquo;ensemble de nos loisirs) o\u00f9 l&rsquo;objectif est de pratiquer le volley entre amis en faisant des matchs Le loisir d\u00e9butant\/entretien ou l&rsquo;objectif est de d\u00e9couvrir le volley et de progresser avec l&rsquo;aide<\/p>\n<p class=\"more-link\"><a href=\"https:\/\/www.achvb.fr\/?page_id=134\" class=\"themebutton\">Read More<\/a><\/p>\n","protected":false},"author":4,"featured_media":0,"parent":60,"menu_order":0,"comment_status":"closed","ping_status":"closed","template":"","meta":{"footnotes":""},"class_list":["post-134","page","type-page","status-publish","hentry"],"_links":{"self":[{"href":"https:\/\/www.achvb.fr\/index.php?rest_route=\/wp\/v2\/pages\/134","targetHints":{"allow":["GET"]}}],"collection":[{"href":"https:\/\/www.achvb.fr\/index.php?rest_route=\/wp\/v2\/pages"}],"about":[{"href":"https:\/\/www.achvb.fr\/index.php?rest_route=\/wp\/v2\/types\/page"}],"author":[{"embeddable":true,"href":"https:\/\/www.achvb.fr\/index.php?rest_route=\/wp\/v2\/users\/4"}],"replies":[{"embeddable":true,"href":"https:\/\/www.achvb.fr\/index.php?rest_route=%2Fwp%2Fv2%2Fcomments&post=134"}],"version-history":[{"count":3,"href":"https:\/\/www.achvb.fr\/index.php?rest_route=\/wp\/v2\/pages\/134\/revisions"}],"predecessor-version":[{"id":539,"href":"https:\/\/www.achvb.fr\/index.php?rest_route=\/wp\/v2\/pages\/134\/revisions\/539"}],"up":[{"embeddable":true,"href":"https:\/\/www.achvb.fr\/index.php?rest_route=\/wp\/v2\/pages\/60"}],"wp:attachment":[{"href":"https:\/\/www.achvb.fr\/index.php?rest_route=%2Fwp%2Fv2%2Fmedia&parent=134"}],"curies":[{"name":"wp","href":"https:\/\/api.w.org\/{rel}","templated":true}]}}