{"id":70,"date":"2022-06-07T17:56:38","date_gmt":"2022-06-07T17:56:38","guid":{"rendered":"https:\/\/achvb.fr\/?page_id=70"},"modified":"2024-09-23T11:07:39","modified_gmt":"2024-09-23T09:07:39","slug":"galerie-2","status":"publish","type":"page","link":"https:\/\/www.achvb.fr\/?page_id=70","title":{"rendered":"Inscription"},"content":{"rendered":"<div id=\"pl-gb70-69d51f9c72cb1\"  class=\"panel-layout wp-block-siteorigin-panels-layout-block\" ><div id=\"pg-gb70-69d51f9c72cb1-0\"  class=\"panel-grid panel-no-style\" ><div id=\"pgc-gb70-69d51f9c72cb1-0-0\"  class=\"panel-grid-cell panel-grid-cell-mobile-last\" ><div id=\"panel-gb70-69d51f9c72cb1-0-0-0\" class=\"so-panel widget widget_sow-editor panel-first-child panel-last-child\" data-index=\"0\" ><div\n\t\t\t\n\t\t\tclass=\"so-widget-sow-editor so-widget-sow-editor-base\"\n\t\t\t\n\t\t><h3 class=\"widget-title\">S&rsquo;inscrire \u00e0 l&rsquo;ACHVB<\/h3>\n<div class=\"siteorigin-widget-tinymce textwidget\">\n\t<h4>Vous souhaitez vous inscrire \u00e0 l&rsquo;ACHVB ? Rien de plus simple, depuis 2024 l&rsquo;ensemble des inscriptions se d\u00e9roule en ligne sur l&rsquo;application moncub.<\/h4>\n<\/div>\n<\/div><\/div><\/div><div id=\"pgc-gb70-69d51f9c72cb1-0-1\"  class=\"panel-grid-cell panel-grid-cell-empty\" ><\/div><\/div><div id=\"pg-gb70-69d51f9c72cb1-1\"  class=\"panel-grid panel-no-style\" ><div id=\"pgc-gb70-69d51f9c72cb1-1-0\"  class=\"panel-grid-cell\" ><div id=\"panel-gb70-69d51f9c72cb1-1-0-0\" class=\"so-panel widget widget_sow-editor panel-first-child\" data-index=\"1\" ><div\n\t\t\t\n\t\t\tclass=\"so-widget-sow-editor so-widget-sow-editor-base\"\n\t\t\t\n\t\t>\n<div class=\"siteorigin-widget-tinymce textwidget\">\n\t<ul>\n<li>\n<h3><strong>De quoi ai-je besoin ?<\/strong><\/h3>\n<\/li>\n<\/ul>\n<ul>\n<li><em>Je suis mineur (<a href=\"http:\/\/extranet.ffvb.org\/data\/Files\/documents\/licences\/FFvolley_Categories_2024-25.pdf\">ma cat\u00e9gorie?<\/a>):<\/em>\n<ul>\n<li>&#8211; Faire compl\u00e9ter l&rsquo;inscription sur monclub par mon responsable l\u00e9gal.<\/li>\n<li>&#8211; Un <strong>ch\u00e8que de caution \u00e0 l&rsquo;ordre de l&rsquo;ACHVB<\/strong> de 80 \u20ac (sauf pour les \u00e9coles de volley et les baby volley) dans une enveloppe libell\u00e9 \u00e0 mon nom et pr\u00e9nom<\/li>\n<\/ul>\n<\/li>\n<\/ul>\n<\/div>\n<\/div><\/div><div id=\"panel-gb70-69d51f9c72cb1-1-0-1\" class=\"so-panel widget widget_sow-editor panel-last-child\" data-index=\"2\" ><div\n\t\t\t\n\t\t\tclass=\"so-widget-sow-editor so-widget-sow-editor-base\"\n\t\t\t\n\t\t>\n<div class=\"siteorigin-widget-tinymce textwidget\">\n\t<ul>\n<li><em>Je suis majeur :<\/em>\n<ul>\n<li>&#8211; compl\u00e9ter l&rsquo;inscription sur monclub en respectant l&rsquo;\u00e9quipe dans laquelle je suis inscrit et en pr\u00e9cisant le cr\u00e9neau d&rsquo;inscription pour les loisirs<\/li>\n<li>&#8211; un <strong>ch\u00e8que de caution \u00e0 <\/strong><b>l&rsquo;ordre<\/b> de l&rsquo;ACHVB de 80 \u20ac dans enveloppe libell\u00e9 \u00e0 mon nom et pr\u00e9nom.<\/li>\n<li>&#8211; En cas de mutation, j&rsquo;apporte \u00e9galement un<strong> ch\u00e8que de caution \u00e0 l&rsquo;ordre de l&rsquo;ACHVB de 184,20 \u20ac dans enveloppe libell\u00e9 \u00e0 mon nom et pr\u00e9nom.<\/strong> qui <em><strong>ne sera encaiss\u00e9 que si le joueur quitte le club avant d\u2019avoir effectu\u00e9 deux saisons pleines<\/strong><\/em><\/li>\n<\/ul>\n<\/li>\n<\/ul>\n<\/div>\n<\/div><\/div><\/div><div id=\"pgc-gb70-69d51f9c72cb1-1-1\"  class=\"panel-grid-cell\" ><div id=\"panel-gb70-69d51f9c72cb1-1-1-0\" class=\"so-panel widget widget_sow-image panel-first-child\" data-index=\"3\" ><div\n\t\t\t\n\t\t\tclass=\"so-widget-sow-image so-widget-sow-image-default-113ccd71f3e6-70\"\n\t\t\t\n\t\t>\n<div class=\"sow-image-container\">\n\t\t<img \n\tsrc=\"https:\/\/www.achvb.fr\/wp-content\/uploads\/2022\/07\/jeunes-150x150.jpeg\" width=\"150\" height=\"150\" srcset=\"https:\/\/www.achvb.fr\/wp-content\/uploads\/2022\/07\/jeunes-150x150.jpeg 150w, https:\/\/www.achvb.fr\/wp-content\/uploads\/2022\/07\/jeunes-120x120.jpeg 120w, https:\/\/www.achvb.fr\/wp-content\/uploads\/2022\/07\/jeunes-105x105.jpeg 105w, https:\/\/www.achvb.fr\/wp-content\/uploads\/2022\/07\/jeunes.jpeg 248w\" sizes=\"(max-width: 150px) 100vw, 150px\" alt=\"\" \t\tclass=\"so-widget-image\"\/>\n\t<\/div>\n\n<\/div><\/div><div id=\"panel-gb70-69d51f9c72cb1-1-1-1\" class=\"so-panel widget widget_sow-image panel-last-child\" data-index=\"4\" ><div\n\t\t\t\n\t\t\tclass=\"so-widget-sow-image so-widget-sow-image-default-113ccd71f3e6-70\"\n\t\t\t\n\t\t>\n<div class=\"sow-image-container\">\n\t\t<img \n\tsrc=\"https:\/\/www.achvb.fr\/wp-content\/uploads\/2022\/07\/119163355_2765185257142107_5328413675882073317_n-150x150.png\" width=\"150\" height=\"150\" srcset=\"https:\/\/www.achvb.fr\/wp-content\/uploads\/2022\/07\/119163355_2765185257142107_5328413675882073317_n-150x150.png 150w, https:\/\/www.achvb.fr\/wp-content\/uploads\/2022\/07\/119163355_2765185257142107_5328413675882073317_n-300x300.png 300w, https:\/\/www.achvb.fr\/wp-content\/uploads\/2022\/07\/119163355_2765185257142107_5328413675882073317_n-120x120.png 120w, https:\/\/www.achvb.fr\/wp-content\/uploads\/2022\/07\/119163355_2765185257142107_5328413675882073317_n-105x105.png 105w, https:\/\/www.achvb.fr\/wp-content\/uploads\/2022\/07\/119163355_2765185257142107_5328413675882073317_n-380x380.png 380w, https:\/\/www.achvb.fr\/wp-content\/uploads\/2022\/07\/119163355_2765185257142107_5328413675882073317_n-285x285.png 285w, https:\/\/www.achvb.fr\/wp-content\/uploads\/2022\/07\/119163355_2765185257142107_5328413675882073317_n.png 539w\" sizes=\"(max-width: 150px) 100vw, 150px\" title=\"Adultes\" alt=\"\" \t\tclass=\"so-widget-image\"\/>\n\t<\/div>\n\n<\/div><\/div><\/div><\/div><div id=\"pg-gb70-69d51f9c72cb1-2\"  class=\"panel-grid panel-no-style\" ><div id=\"pgc-gb70-69d51f9c72cb1-2-0\"  class=\"panel-grid-cell panel-grid-cell-mobile-last\" ><div id=\"panel-gb70-69d51f9c72cb1-2-0-0\" class=\"so-panel widget widget_sow-editor panel-first-child panel-last-child\" data-index=\"5\" ><div\n\t\t\t\n\t\t\tclass=\"so-widget-sow-editor so-widget-sow-editor-base\"\n\t\t\t\n\t\t>\n<div class=\"siteorigin-widget-tinymce textwidget\">\n\t<h3><\/h3>\n<ul>\n<li style=\"list-style-type: none;\">\n<ul>\n<li>Liens d&rsquo;inscription g\u00e9n\u00e9rale\n<ul>\n<li>&#8211; <a href=\"http:\/\/achvb.monclub.app\">achvb.monclub.app<\/a><\/li>\n<\/ul>\n<\/li>\n<\/ul>\n<\/li>\n<\/ul>\n<p>&nbsp;<\/p>\n<ul>\n<li style=\"list-style-type: none;\">\n<ul>\n<li>\n<h3><strong>Comment r\u00e9gler \u00a0avec mon club?<\/strong><\/h3>\n<ul>\n<li><em>&#8211; Pour mon r\u00e9glement via l&rsquo;application :<\/em>\n<ul>\n<li>\u00a0 &#8211; en cb<\/li>\n<li>\u00a0 &#8211; en virement CEPA<\/li>\n<\/ul>\n<\/li>\n<li>Pour mon r\u00e9glement \u00a0aupr\u00e8s du club\n<ul>\n<li>\u00a0 &#8211; Par ch\u00e8que \u00e0 l&rsquo;ordre de l&rsquo;ACHVB (en 1 ou 3 fois)<\/li>\n<li>\u00a0 &#8211; En esp\u00e8ce<\/li>\n<li>\u00a0 &#8211; En cheque ANCV<\/li>\n<li>\u00a0 \u00a0&#8211; Avec les aides (mairie, d\u00e9partement, etc ..)<\/li>\n<\/ul>\n<\/li>\n<li><em>Pour ma caution<\/em> :\n<ul>\n<li>\u00a0 \u00a0 &#8211; Par ch\u00e8que \u00e0 l&rsquo;ordre de l&rsquo;ACHVB<\/li>\n<\/ul>\n<\/li>\n<\/ul>\n<\/li>\n<\/ul>\n<\/li>\n<li style=\"list-style-type: none;\"><\/li>\n<\/ul>\n<p>&nbsp;<\/p>\n<h2><strong>Vous trouverez l&rsquo;ensemble des explications pour les inscriptions sur le lien suivant :<\/strong><\/h2>\n<p><a href=\"https:\/\/www.achvb.fr\/wp-content\/uploads\/2024\/09\/TUTO-MON-CLUB.pdf\" target=\"_blank\" rel=\"noopener\">Tutoriel mon club<\/a><\/p>\n<\/div>\n<\/div><\/div><\/div><div id=\"pgc-gb70-69d51f9c72cb1-2-1\"  class=\"panel-grid-cell panel-grid-cell-empty\" ><\/div><\/div><\/div>","protected":false},"excerpt":{"rendered":"<p>Vous souhaitez vous inscrire \u00e0 l&rsquo;ACHVB ? Rien de plus simple, depuis 2024 l&rsquo;ensemble des inscriptions se d\u00e9roule en ligne sur l&rsquo;application moncub. De quoi ai-je besoin ? Je suis mineur (ma cat\u00e9gorie?): &#8211; Faire compl\u00e9ter l&rsquo;inscription sur monclub par mon responsable l\u00e9gal. &#8211; Un ch\u00e8que de caution \u00e0 l&rsquo;ordre de l&rsquo;ACHVB de 80 \u20ac<\/p>\n<p class=\"more-link\"><a href=\"https:\/\/www.achvb.fr\/?page_id=70\" class=\"themebutton\">Read More<\/a><\/p>\n","protected":false},"author":4,"featured_media":0,"parent":0,"menu_order":0,"comment_status":"closed","ping_status":"closed","template":"","meta":{"footnotes":""},"class_list":["post-70","page","type-page","status-publish","hentry"],"_links":{"self":[{"href":"https:\/\/www.achvb.fr\/index.php?rest_route=\/wp\/v2\/pages\/70","targetHints":{"allow":["GET"]}}],"collection":[{"href":"https:\/\/www.achvb.fr\/index.php?rest_route=\/wp\/v2\/pages"}],"about":[{"href":"https:\/\/www.achvb.fr\/index.php?rest_route=\/wp\/v2\/types\/page"}],"author":[{"embeddable":true,"href":"https:\/\/www.achvb.fr\/index.php?rest_route=\/wp\/v2\/users\/4"}],"replies":[{"embeddable":true,"href":"https:\/\/www.achvb.fr\/index.php?rest_route=%2Fwp%2Fv2%2Fcomments&post=70"}],"version-history":[{"count":36,"href":"https:\/\/www.achvb.fr\/index.php?rest_route=\/wp\/v2\/pages\/70\/revisions"}],"predecessor-version":[{"id":732,"href":"https:\/\/www.achvb.fr\/index.php?rest_route=\/wp\/v2\/pages\/70\/revisions\/732"}],"wp:attachment":[{"href":"https:\/\/www.achvb.fr\/index.php?rest_route=%2Fwp%2Fv2%2Fmedia&parent=70"}],"curies":[{"name":"wp","href":"https:\/\/api.w.org\/{rel}","templated":true}]}}